{"id":302,"date":"2023-03-22T13:57:15","date_gmt":"2023-03-22T12:57:15","guid":{"rendered":"https:\/\/www.pmontime.com\/?page_id=302"},"modified":"2023-03-28T23:28:15","modified_gmt":"2023-03-28T21:28:15","slug":"mir91","status":"publish","type":"page","link":"https:\/\/www.pmontime.com\/index.php\/pl\/mir91\/","title":{"rendered":"MIR&#8217;91\u00ae"},"content":{"rendered":"<p><strong>MIR&#8217;91<\/strong>\u00ae jest symulacj\u0105 warsztatow\u0105 u\u017cywan\u0105 przez trener\u00f3w biznesu w czasie szkole\u0144 i warsztat\u00f3w.\u2028Symulacje warsztatowe s\u0105 nowym i fascynuj\u0105cym sposobem na budowanie szerokiego spektrum umiej\u0119tno\u015bci zespo\u0142owych. S\u0105 po\u0142\u0105czeniem powa\u017cnych gier (<em>serious games<\/em>) i metod symulacyjnych, w kt\u00f3rych odwzorowujemy sposoby naszego codziennego dzia\u0142ania i reagowania na nowe zadania i wyzwania.<\/p>\n<p>MIR&#8217;91\u00ae to wyj\u0105tkowe do\u015bwiadczenie, poniewa\u017c \u0142\u0105czy przestrze\u0144 wirtualn\u0105 i realn\u0105.\u2028MIR&#8217;91 jest oparty na rzeczywistych wydarzeniach. Podczas symulacji uczestnicy przenosz\u0105 si\u0119 na stacj\u0119 kosmiczn\u0105 MIR w czasie finalnej misji STS-91, a ich celem jest zrealizowanie zada\u0144 wyznaczonych w jednym z wielu dost\u0119pnych scenariuszy.<\/p>\n<p>Mistrz Gry (trener) samodzielnie tworzy scenariusze i dopasowuje przebieg symulacji do potrzeb grupy oraz celu warsztatu. MIR&#8217;91\u00ae mo\u017ce zosta\u0107 u\u017cyty do pracy z szerokim zakresem zagadnie\u0144 zwi\u0105zanych z planowaniem, zarz\u0105dzaniem i organizacj\u0105 pracy.<\/p>\n<p>Uczestnicy bior\u0105c udzia\u0142 w misji kosmicznej, musz\u0105 wykona\u0107 codzienne zadania, pozwalaj\u0105ce na utrzymanie stacji na orbicie oko\u0142oziemskiej. Ka\u017cda decyzja i ka\u017cde podj\u0119te dzia\u0142anie ma swoje konsekwencje. Dzi\u0119ki cyklom zada\u0144 (iteracjom), kt\u00f3re s\u0105 omawiane z Mistrzem Gry, uczestnicy ucz\u0105 si\u0119 znacznie szybciej i zdobywaj\u0105 realne do\u015bwiadczenie w wirtualnym \u015bwiecie.<\/p>\n<p>Zmiana sposob\u00f3w dzia\u0142ania lub nawyk\u00f3w uczestnik\u00f3w warsztat\u00f3w z wykorzystaniem symulacji MIR\u201991 widoczna jest czasami nawet z dnia na dzie\u0144.<\/p>\n","protected":false},"excerpt":{"rendered":"<p>MIR&#8217;91\u00ae jest symulacj\u0105 warsztatow\u0105 u\u017cywan\u0105 przez trener\u00f3w biznesu w czasie szkole\u0144 i warsztat\u00f3w.\u2028Symulacje warsztatowe s\u0105 nowym i fascynuj\u0105cym sposobem na budowanie szerokiego spektrum umiej\u0119tno\u015bci zespo\u0142owych. S\u0105 po\u0142\u0105czeniem powa\u017cnych gier (serious games) i metod symulacyjnych, w kt\u00f3rych odwzorowujemy sposoby naszego codziennego dzia\u0142ania i reagowania na nowe zadania i wyzwania. MIR&#8217;91\u00ae to wyj\u0105tkowe do\u015bwiadczenie, poniewa\u017c \u0142\u0105czy przestrze\u0144 &hellip; <a href=\"https:\/\/www.pmontime.com\/index.php\/pl\/mir91\/\" class=\"more-link\">Czytaj dalej<span class=\"screen-reader-text\"> MIR&#8217;91\u00ae<\/span><\/a><\/p>\n","protected":false},"author":2,"featured_media":0,"parent":0,"menu_order":0,"comment_status":"closed","ping_status":"closed","template":"","meta":[],"_links":{"self":[{"href":"https:\/\/www.pmontime.com\/index.php\/wp-json\/wp\/v2\/pages\/302"}],"collection":[{"href":"https:\/\/www.pmontime.com\/index.php\/wp-json\/wp\/v2\/pages"}],"about":[{"href":"https:\/\/www.pmontime.com\/index.php\/wp-json\/wp\/v2\/types\/page"}],"author":[{"embeddable":true,"href":"https:\/\/www.pmontime.com\/index.php\/wp-json\/wp\/v2\/users\/2"}],"replies":[{"embeddable":true,"href":"https:\/\/www.pmontime.com\/index.php\/wp-json\/wp\/v2\/comments?post=302"}],"version-history":[{"count":3,"href":"https:\/\/www.pmontime.com\/index.php\/wp-json\/wp\/v2\/pages\/302\/revisions"}],"predecessor-version":[{"id":347,"href":"https:\/\/www.pmontime.com\/index.php\/wp-json\/wp\/v2\/pages\/302\/revisions\/347"}],"wp:attachment":[{"href":"https:\/\/www.pmontime.com\/index.php\/wp-json\/wp\/v2\/media?parent=302"}],"curies":[{"name":"wp","href":"https:\/\/api.w.org\/{rel}","templated":true}]}}